mber?
True
Let l(r) = r**2 - r - 1. Let x(h) = -h**3 + 11*h**2 - 10*h + 1. Let v(w) = 2*l(w) + x(w). Let c be v(12). Is c*(-3)/(-15) + 7092/10 prime?
True
Let a(y) = 32*y**2 - 17*y + 229. Is a(-54) composite?
True
Suppose 138*d = 139*d + 38. Is 4/d + 5306105/665 prime?
False
Suppose n = 3*r + 28020 - 7758, -2*r = n - 20297. Is n prime?
False
Let l be (-12)/16 + (-1084550)/(-40). Suppose -4*r = 3*n - l, -n = -9*r + 6*r + 20338. Is r a composite number?
False
Let p(f) = -4*f + 24. Let o be p(6). Let s be o + (-140)/24 - (-4)/(-24). Is (-4)/6 + (s - 293/(-3)) prime?
False
Let y(a) = -a**3 + 7*a**2 + 14*a + 3. Let w be y(-9). Let u = 2539 - w. Suppose 0 = 4*v + 2*t - 1798, t = -3*v - 4*t + u. Is v prime?
False
Let w = -27 + 135. Suppose w*u = 102*u + 24294. Is u a prime number?
True
Let n be (-53220)/8*4/(-6). Let g(h) = -h**2 - 13*h + 10. Let w be g(-11). Suppose -w*c + n = -27*c. Is c composite?
False
Suppose 0*a = -2*a + 5520. Let p = 71 + -67. Suppose m = -p*s + a, -5*m + 151 = s - 520. Is s a composite number?
False
Let s(m) = -9*m**3 + m + 14*m**3 - 1 - 29*m**3. Is s(-4) a prime number?
True
Let b(t) = -3*t**3 - 5*t**2 + 31. Let s(v) = -7*v**2 - 41*v - 5. Let p be s(-6). Is b(p) a composite number?
True
Let y(f) = -7*f + 119. Let o be y(17). Suppose -2*x + 1400 = 2*n, o*x - x + 698 = 3*n. Is x a prime number?
True
Let i = 343 - 311. Suppose 33*z - 1801 = i*z. Is z composite?
False
Let l = 644 - 379. Suppose -5 = 5*d - 5*f, -2*d + 3*f + 3 = 2*f. Is l/d + (-18)/(-24) composite?
False
Let t(q) = -7*q**2 - 13*q - 30. Let j be t(-2). Let n = j - -1431. Is n composite?
False
Suppose h = 9*z - 12*z - 31, 0 = -4*h - 2*z - 74. Is (4/h)/((-3)/86124) a prime number?
True
Suppose 4*x - 3*i - 219050 = 0, 118574 = 5*x + 2*i - 155227. Is x a composite number?
True
Let f(z) = 81*z + 924. Is f(39) prime?
False
Let t be 21/2*2/3. Is (1 - -760 - -3) + (t - 4) a composite number?
True
Let d = 401365 + -232110. Is d a composite number?
True
Suppose 0 = 31*x - 478343 - 1780286. Is x composite?
False
Suppose -u + 0 = 3*y - 2, -2*y + u = 2. Suppose 34660 = 5*c - 6*x + x, 2*c + 4*x - 13834 = y. Suppose -26*f + c = -23*f. Is f a prime number?
True
Suppose -2*h + 781302 = 2*m, m + 988*h - 986*h - 390655 = 0. Is m a composite number?
False
Let c(v) = -v**2 - 10*v - 11. Let p be c(-8). Suppose 0 = -3*w - 3*s + 3 + 12, -4*w = p*s - 25. Let q(y) = y**2 + 467. Is q(w) a composite number?
False
Let q be (-1)/((-1)/(-10))*(-71)/2. Let s = q + 796. Is s a composite number?
False
Suppose 119*i - 158783 - 5185 = 167*i. Suppose 0 = 2*k - k + 1875. Let f = k - i. Is f a composite number?
True
Let q(p) = -668*p + 3 + 445*p + 0. Is q(-2) a composite number?
False
Let x = -12 + 20. Suppose 0 = 4*f - 5*f + x. Suppose f*d = 5*d + 5379. Is d prime?
False
Is ((-1)/5)/(8 - (-3145764)/(-393220)) a composite number?
False
Let q(j) = 4*j**2 - 51*j + 52. Let a be q(38). Suppose 41869 = 3*w - a. Is w composite?
True
Suppose -1528472 = 515*o - 603*o. Is o a prime number?
False
Suppose -2528 - 1967 = -5*f. Let n = f + -605. Let b = -100 + n. Is b a composite number?
True
Let w(j) = 29*j**2 - 10*j - 7. Let z(v) = -58*v**2 + 21*v + 14. Let m(h) = 13*w(h) + 6*z(h). Let i be m(-6). Let q = -330 + i. Is q prime?
False
Suppose 32*c - 5*i = 30*c + 278919, -5*i - 139462 = -c. Is c prime?
True
Let w(t) = 7836*t**2 - 24*t - 61. Is w(-3) a composite number?
True
Let c(j) = -19817*j - 386. Is c(-39) a prime number?
True
Let v be (27/12)/((-6)/(-32)). Let s(o) = 17*o**3 - 2*o**2 - 4*o - 3. Let r be s(-1). Is (v/r)/(4/(-1254)) prime?
False
Let j be (-11)/((-429)/(-275509)) + (-4)/6. Let o = 10619 + j. Is o prime?
False
Is 17/2*62579044/8602 composite?
False
Suppose -k + 662284 = q, -2082*k + q - 1324563 = -2084*k. Is k composite?
True
Let r = 13972 - -127889. Is r a composite number?
True
Let t = 7713 + 10570. Is t a prime number?
False
Let a = 89 + -76. Suppose -a*p - 14112 = 17036. Is (-1)/(2*2/p) a composite number?
False
Let w(k) = -252*k**3 - 2*k**2 - 9*k + 43. Let q be w(7). Is 6/(-15) - (2 - q/(-10)) a composite number?
True
Let c = 59187 + 19214. Is c a composite number?
False
Let v(f) be the third derivative of -f**5/60 + 2*f**4/3 - f**3/3 + 13*f**2. Let u be v(12). Suppose u = 11*b - 537. Is b a composite number?
False
Suppose 16*f - 4*c - 133128 = 12*f, -25 = -5*c. Is f a prime number?
True
Let l = 54 + -90. Is (2876/6)/(l/(-54)) composite?
False
Suppose x = -5 + 8. Let y(p) = p**2 + x*p + 3*p + 2*p - 3*p - 29. Is y(-14) prime?
True
Let x(m) = -510*m**3 - 42*m**2 + 5*m + 3. Is x(-4) a composite number?
True
Let o(z) = -z. Let k(h) = 76*h**2 + h - 3. Let i(j) = -k(j) - 6*o(j). Let n be i(4). Let a = n - -2754. Is a prime?
False
Let p(w) = -2150*w**3 - 8*w**2 + 8*w + 3. Let y(f) = -f**3 + f**2 - 2*f. Let g(z) = p(z) + 5*y(z). Is g(-1) prime?
False
Let r be 44/66*(-18)/4. Is 2686/r*(-11 - (-114)/12) a prime number?
False
Let k = -846 + 675. Suppose -2*w = 702 + 2138. Let p = k - w. Is p a composite number?
False
Let a(t) = 164*t**2 - 16*t - 3. Let i be a(-13). Let k = 10748 + i. Is k a prime number?
True
Let h = -49 + 52. Suppose -5*i = -4*d - 45, -h*i - 4*d = 8 - 3. Suppose 2856 = i*q - 3859. Is q a prime number?
False
Suppose -98*g = -3734550 - 3855256. Is g a composite number?
False
Let r(v) = v**2 - 5*v + 5. Let h be r(5). Suppose 0 = h*l + q - 1114, 3*q = 4*l - 2*q - 897. Let b = 1288 + l. Is b composite?
False
Let z(q) = 533*q**3 - q**2 + 5*q - 1. Let t be z(2). Suppose 0*l - 16 = -4*l. Suppose t = 2*x + 3*x + l*u, -u = -x + 852. Is x a prime number?
True
Suppose -2*u - 2 = 3*w - 8, -5*w = 0. Suppose 0 = -o + 5, -5*k + u*k - 1421 = 5*o. Let j = k - -1390. Is j prime?
False
Suppose 0 = -0*x + x + s + 2, 0 = s - 1. Let l be 1 - (2 + x)*-183. Let r = l + 564. Is r a composite number?
True
Let f(s) = -64*s**3 - 10*s**2 + 64*s - 31. Is f(-13) a prime number?
False
Suppose -12*a - 7*a = -a. Is (a + 2)*1 + 2226/2 composite?
True
Suppose 2*l + 5*d = d + 8, 4*d - 8 = l. Suppose -4*t + 2141 = -4*s - 595, l = -t - 4*s + 679. Is t a composite number?
False
Let d = -129 + 131. Suppose d*h + 3*o + 65 - 233 = 0, 0 = 5*h - o - 437. Is h prime?
False
Suppose 21*a + 15956 = 4*s + 16*a, -5*s + 19945 = -2*a. Is s a prime number?
True
Let n = 1 + 6. Let w(i) = -i**2 + 6*i + 5. Let b be w(n). Is ((-894)/12)/(1/b) a composite number?
False
Let d be 33/(-44)*(-40)/6. Suppose d*w = -g + 741, -4*g - g = -3*w + 467. Let l = -91 + w. Is l a prime number?
False
Let z = 12681 + 90460. Is z a composite number?
False
Suppose -3*n + 0*n - 645 = 0. Suppose -2645 - 31180 = -48*b + 24927. Let u = b - n. Is u composite?
False
Let y(i) = -669*i + 47. Suppose -65*l - 120 = -53*l. Is y(l) a composite number?
False
Let b = -2213 - -7111. Let i = b + -2563. Is i prime?
False
Suppose 60 = 5*y + 7*y. Suppose -y*a + 6 = -9. Suppose a*z = -z - 2*k + 2448, -602 = -z - 3*k. Is z composite?
True
Let f(d) = 10*d + 2449. Let q be f(0). Suppose 22*y - 3953 = q. Is y prime?
False
Let a be (-22)/(-6) - 5/((-60)/(-8)). Suppose -3*z + 24 = 3*s, 4 = -a*s - 2. Is 1 + (-14)/10 - (-434)/z a prime number?
True
Suppose 2*i - 4 = 0, -5*i = -3*r + 4*r - 7. Is ((-36395)/(-20) - -11)/(r/(-20)) composite?
True
Suppose 0 = 8*g - 25288 - 29920 + 7536. Is g a composite number?
True
Is (1800438/15)/(16/40) composite?
False
Suppose 5*z + 14 - 44 = 4*u, -5*z = -5*u - 35. Suppose -s - z*s - 1698 = 0. Let a = -304 - s. Is a composite?
True
Suppose k - 6 = 8*y - 12*y, -3*y = -k - 1. Suppose k*p = 30*p - 220052. Is p prime?
False
Let a = 15042 + -8235. Let t = a + 3614. Suppose 4*q - t = 5*o, 2612 = q + 2*o - o. Is q composite?
False
Let g = 18371 - 8202. Is g a prime number?
True
Let n(x) = 39*x**3 + x**2 + 21*x - 24. Let k be n(7). Suppose -84*y + k = -67*y. Is y a prime number?
True
Let z(r) = -8223*r + 4. Let k(t) = -16447*t + 9. Let h(u) = 3*k(u) - 7*z(u). Let p be h(1). Suppose 1191 = -4*c + p. Is c a composite number?
True
Suppose 2*f - 5*g = -10140, -4*f - 3*g - 30068 + 9788 = 0. Let i = 13711 + f. Is i prime?
True
Let c(v) = 254*v**2 + 45*v + 837. Is c(-14) prime?
True
Suppose 18*s - 1794602 - 2232196 = 0. Is s a prime number?
True
Let s(f) = -f**3 - f**2 + 7*f + 2. Let p be s(2). Suppose 0*b + p*b + 4*z - 115028 = 0, -b + 5*z + 28769 = 0. Is b composite?
